{"id":34229,"date":"2022-01-04T14:59:52","date_gmt":"2022-01-04T12:59:52","guid":{"rendered":"https:\/\/www.fnm.um.si\/?page_id=34229"},"modified":"2023-01-04T11:47:25","modified_gmt":"2023-01-04T09:47:25","slug":"habilitacije","status":"publish","type":"page","link":"https:\/\/www.fnm.um.si\/index.php\/habilitacije\/","title":{"rendered":"Habilitacije"},"content":{"rendered":"<table style=\"width: 65.1916%; height: 152px;\">\n<tbody>\n<tr style=\"border-style: none;\">\n<td style=\"border-style: hidden; width: 302px;\" width=\"302\"><strong>Kontaktna oseba na FNM UM:<\/strong><\/p>\n<p>Petra Uj\u010di\u010d<br \/>\ne-mail: <a href=\"mailto:habilitacije.fnm@um.si\">habilitacije.fnm@um.si<\/a><br \/>\ntel.: (02) 22 93 842<\/td>\n<td style=\"border-style: hidden; width: 302px;\" width=\"302\"><strong>Kontaktna oseba na UM:<\/strong><\/p>\n<p>Anja Luki\u0107<br \/>\ne-mail: <a href=\"mailto:anja.lukic@um.si\">anja.lukic@um.si<\/a><br \/>\ntel.: (02) 23 55\u00a0230<\/td>\n<\/tr>\n<\/tbody>\n<\/table>\n<p><strong><u>Izvolitve v pedago\u0161ke nazive<\/u><\/strong><\/p>\n<p>Habilitacijska podro\u010dja na Fakulteti za naravoslovje in matematiko Univerze v Mariboru so: <em>biofizika, biologija, biotehnologija, botanika, didaktika biologije, didaktika kemije, didaktika matematike, digitalno izobra\u017eevanje, didaktika tehnike, ekologija, fizika, matematika, mikrobiologija, ra\u010dunalni\u0161ka matematika, zoologija.<\/em><\/p>\n<p>Vse postopke v zvezi z imenovanji v naziv visoko\u0161olskih u\u010diteljev in visoko\u0161olskih sodelavcev iz habilitacijskih podro\u010dij FNM UM izvaja rektorat Univerze v Mariboru na podlagi pro\u0161enj vlagateljev.<\/p>\n<p>Vse informacije v zvezi s postopki imenovanj v pedago\u0161ke nazive so na voljo <strong><a href=\"https:\/\/www.um.si\/o-univerzi\/dokumentno-sredisce\/habilitacije\/\">na spletni strani Univerze v Mariboru<\/a>.<\/strong><\/p>\n<p>Zahtevnej\u0161i pogoji za volitve v nazive za habilitacijska podro\u010dja na FNM UM so objavljeni<strong><a href=\"https:\/\/www.fnm.um.si\/wp-content\/uploads\/2022\/02\/Zahtevnejsi-kriteriji-FNM-UM.pdf\"> tukaj<\/a>.<\/strong><\/p>\n<p>Vloge za habilitacije v pedago\u0161ke nazive oddajte na naslov:<br \/>\n<strong>Univerza v Mariboru<br \/>\n<\/strong><strong>Slu\u017eba za habilitacije<br \/>\n<\/strong><strong>Slom\u0161kov trg 15<br \/>\n<\/strong><strong>2000 Maribor<\/strong><\/p>\n<p>&nbsp;<\/p>\n<p><strong><u>Izvolitve v raziskovalne nazive<\/u><\/strong><\/p>\n<p>Izvolitvena podro\u010dja raziskovalnih nazivov so objavljena v <em><a href=\"https:\/\/www.arrs.si\/sl\/akti\/prav-razisk-nazivi-feb-19.asp\">Pravilniku o raziskovalnih nazivih<\/a>,<\/em> kjer so prav tako zapisani pogoji, kazalniki in merila za izvolitev v te nazive.<\/p>\n<p>Vse postopke v zvezi z imenovanji v raziskovalne nazive izvaja Fakulteta za naravoslovje in matematiko Univerze v Mariboru na podlagi pro\u0161enj vlagateljev.<\/p>\n<p>Vloge za habilitacije v raziskovalne nazive oddajte na naslov:<br \/>\n<strong>Fakulteta za naravoslovje in matematiko Univerze v Mariboru<br \/>\n<\/strong><strong>Habilitacije (predal\u010dek \u0161t. 5)<br \/>\n<\/strong><strong>Koro\u0161ka cesta 160<br \/>\n<\/strong><strong>2000 Maribor<\/strong><\/p>\n<p><strong><u>Vloge in obrazci:<\/u><\/strong><\/p>\n<ul>\n<li><a href=\"https:\/\/www.um.si\/o-univerzi\/dokumentno-sredisce\/habilitacije\/vzorci-za-oddajo-vloge\/\">Pedago\u0161ki nazivi<\/a><\/li>\n<li><a href=\"https:\/\/www.fnm.um.si\/wp-content\/uploads\/2022\/01\/Vloga_strokovno_raziskovalni_naziv.docx\">Raziskovalni nazivi<\/a><\/li>\n<li><a href=\"https:\/\/www.fnm.um.si\/wp-content\/uploads\/2022\/10\/Prosnja_porodniska_bolniska_vzorec.docx\">Pro\u0161nja za podalj\u0161anje izvolitvene dobe<\/a><\/li>\n<li><a href=\"https:\/\/www.fnm.um.si\/wp-content\/uploads\/2022\/01\/Sklep_oddelka_imenovanje_komisije_vzorec.docx\">Sklep oddelka z imenovanjem poro\u010devalcev<\/a><\/li>\n<li><a href=\"https:\/\/www.fnm.um.si\/wp-content\/uploads\/2022\/10\/Sklep_oddelka_imenovanje_komisije_predavanje_vzorec.docx\">Dopis oddelka o preizkusnem oz. javnem predavanju<\/a><\/li>\n<li><a href=\"https:\/\/www.fnm.um.si\/wp-content\/uploads\/2022\/10\/Porocilo_komisije_strokovno_raziskovalni_nazivi_vzorec.docx\">Poro\u010dilo komisije (raziskovalni naziv)<\/a><\/li>\n<\/ul>\n<p><strong>\u00a0<\/strong><\/p>\n<p><strong>OPOMBE:<\/strong><\/p>\n<ol>\n<li><em><span style=\"font-size: 10pt;\">Vljudno vas prosimo, da vlogo za izvolitev oddate pravo\u010dasno, to je najkasneje 6 mesecev pred potekom izvolitvene dobe. Opozarjamo, da je postopek pogosto dolgotrajen (v \u010dasu senatnih po\u010ditnic, t.j. od 15. 7. do 31. 8., ko roki sicer ne te\u010dejo, se \u0161e dodatno podalj\u0161a). V utemeljenih primerih lahko, v skladu z drugim odstavkom 189.a \u010dlena Statuta UM (Statut UM \u2013 UPB 13), zaprosite za podalj\u0161anje izvolitvene dobe.\u00a0 Obrazec s pro\u0161njo za opravljanje pedago\u0161kega in raziskovalnega dela do dokon\u010dnosti postopka izvolitve najdete na <a href=\"https:\/\/www.fnm.um.si\/wp-content\/uploads\/2022\/01\/Prosnja_OPD_vzorec.docx\">tej povezavi<\/a>.<\/span><\/em><\/li>\n<li><em><span style=\"font-size: 10pt;\">Uporabljeni izrazi, zapisani v slovni\u010dni obliki mo\u0161kega spola, so uporabljeni kot nevtralni za mo\u0161ke in \u017eenske.<\/span><\/em><\/li>\n<\/ol>\n","protected":false},"excerpt":{"rendered":"<p>Kontaktna oseba na FNM UM: Petra Uj\u010di\u010d e-mail: habilitacije.fnm@um.si tel.: (02) 22 93 842 Kontaktna oseba na UM: Anja Luki\u0107 e-mail: anja.lukic@um.si tel.: (02) 23 55\u00a0230 Izvolitve v pedago\u0161ke nazive Habilitacijska podro\u010dja na Fakulteti za naravoslovje in matematiko Univerze v Mariboru so: biofizika, biologija, biotehnologija, botanika, didaktika biologije, didaktika kemije, didaktika matematike, digitalno izobra\u017eevanje, didaktika [&hellip;]<\/p>\n","protected":false},"author":3,"featured_media":0,"parent":0,"menu_order":0,"comment_status":"closed","ping_status":"closed","template":"","meta":{"_et_pb_use_builder":"off","_et_pb_old_content":"","_et_gb_content_width":"","footnotes":""},"class_list":["post-34229","page","type-page","status-publish","hentry"],"publishpress_future_workflow_manual_trigger":{"enabledWorkflows":[]},"_links":{"self":[{"href":"https:\/\/www.fnm.um.si\/index.php\/wp-json\/wp\/v2\/pages\/34229","targetHints":{"allow":["GET"]}}],"collection":[{"href":"https:\/\/www.fnm.um.si\/index.php\/wp-json\/wp\/v2\/pages"}],"about":[{"href":"https:\/\/www.fnm.um.si\/index.php\/wp-json\/wp\/v2\/types\/page"}],"author":[{"embeddable":true,"href":"https:\/\/www.fnm.um.si\/index.php\/wp-json\/wp\/v2\/users\/3"}],"replies":[{"embeddable":true,"href":"https:\/\/www.fnm.um.si\/index.php\/wp-json\/wp\/v2\/comments?post=34229"}],"version-history":[{"count":21,"href":"https:\/\/www.fnm.um.si\/index.php\/wp-json\/wp\/v2\/pages\/34229\/revisions"}],"predecessor-version":[{"id":40989,"href":"https:\/\/www.fnm.um.si\/index.php\/wp-json\/wp\/v2\/pages\/34229\/revisions\/40989"}],"wp:attachment":[{"href":"https:\/\/www.fnm.um.si\/index.php\/wp-json\/wp\/v2\/media?parent=34229"}],"curies":[{"name":"wp","href":"https:\/\/api.w.org\/{rel}","templated":true}]}}