{"id":27854,"date":"2020-10-06T11:23:48","date_gmt":"2020-10-06T09:23:48","guid":{"rendered":"https:\/\/www.fnm.um.si\/?page_id=27854"},"modified":"2022-02-17T12:04:32","modified_gmt":"2022-02-17T10:04:32","slug":"izpostavljeni-clanki","status":"publish","type":"page","link":"https:\/\/www.fnm.um.si\/index.php\/izpostavljeni-clanki\/","title":{"rendered":"Izpostavljene objave"},"content":{"rendered":"<p><a href=\"http:\/\/dx.doi.org\/10.1016\/j.disc.2016.09.03\">BRE\u0160AR, Bo\u0161tjan, KLAV\u017dAR, Sandi, RALL, Douglas F., KUENZEL, Kirsti. Packing chromatic number under local changes in a graph. <\/a><br \/>\n<a href=\"http:\/\/dx.doi.org\/10.1016\/j.disc.2016.09.03\">Discrete Mathematics, 2017, vol. 340,\u00a0str. 1110-1115, DOI: 10.1016\/j.disc.2016.09.030<\/a><\/p>\n<p><a href=\"https:\/\/doi.org\/10.1016\/j.aim.2020.107346\">BRE\u0160AR, Matej. Commutators and images of noncommutative polynomials. <\/a><br \/>\n<a href=\"https:\/\/doi.org\/10.1016\/j.aim.2020.107346\">Advances in mathematics, 2020, vol. 374, art. 107346 (21 str.),\u00a0DOI: 10.1016\/j.aim.2020.107346.<\/a><\/p>\n<p><a href=\"https:\/\/doi.org\/10.1016\/j.na.2019.111593\">DA CRUZ, Leonardo P.C., ROMANOVSKI, Valery, TORREGROSA, Joan,\u00a0The center and cyclicity problems for quartic linear-like reversible systems.<\/a><br \/>\n<a href=\"https:\/\/doi.org\/10.1016\/j.na.2019.111593\">Nonlinear Analysis, 2020, vol. 190, 111593, DOI: 10.1016\/j.na.2019.111593<\/a><\/p>\n<p><a href=\"https:\/\/doi.org\/10.1242\/jeb.224626\">DEVETAK, Du\u0161an, PODLESNIK, Jan, SCHARF, Inon, KLENOV\u0160EK, Tina. Fine sand particles enable antlions to build pitfall traps with advanced\u00a0three-dimensional geometry. <\/a><a href=\"https:\/\/doi.org\/10.1242\/jeb.224626\">Journal of Experimental Biology. Aug. 2020, vol. 223, no. 15, str. 1-10, DOI: 10.1242\/jeb.224626.<\/a><\/p>\n<p><a href=\"https:\/\/doi.org\/10.1038\/s41467-019-13789-9\">\u010cOPAR, Simon, KOS, \u017diga, EMER\u0160I\u010c, Tadej, TKALEC, Uro\u0161. Microfluidic control over topological states in channel-confined nematic flows.<\/a><br \/>\n<a href=\"https:\/\/doi.org\/10.1038\/s41467-019-13789-9\">Nature communications, 2020, vol. 11, art. no. 59, 10 str., DOI: 10.1038\/s41467-019-13789-9.<\/a><\/p>\n<p><a href=\"https:\/\/www.cambridgescholars.com\/resources\/pdfs\/978-1-5275-3196-3-sample.pdf\">FLOGIE, Andrej, ABER\u0160EK, Boris. <em>The impact of innovative ICT education and AI on the pedagogical paradigm<\/em>. Newcastle upon Tyne: Cambridge Scholars Publishing, 2019.<\/a><\/p>\n<p><a href=\"https:\/\/games.jmir.org\/2020\/2\/e13190\">FLOGIE, Andrej, ABER\u0160EK, Boris, KORDIGEL ABER\u0160EK, Metka, S\u00cdK L\u00c1NYI, Cec\u00edlia, PESEK, Igor. Development and evaluation of intelligent serious games for children with learning difficulties : observational study. <em>JMIR serious games : <\/em>2020, vol. 8, no. 2, str. 1-16. DOI: 10.2196\/13190.<\/a><\/p>\n<p><a href=\"https:\/\/www.cambridgescholars.com\/resources\/pdfs\/978-1-5275-5538-9-sample.pdf\">GLODE\u017d, Sre\u010dko, ABER\u0160EK, Boris. <em>The life of cracks : theory and application<\/em>. Newcastle upon Tyne: Cambridge Scholars Publishing, 2020.<\/a><\/p>\n<p><a href=\"https:\/\/doi.org\/10.1016\/j.landusepol.2020.104853\">IVAJN\u0160I\u010c, Danijel, DENAC, Damijan, DENAC, Katarina, PIPENBAHER, Nata\u0161a, KALIGARI\u010c, Mitja. The Scops owl (Otus scops) under human-induced\u00a0environmental change pressure. <\/a><a href=\"https:\/\/doi.org\/10.1016\/j.landusepol.2020.104853\">Land use policy. 2020, vol. 99, str. 1-8, DOI: 10.1016\/j.landusepol.2020.104853.<\/a><\/p>\n<p><a href=\"https:\/\/onlinelibrary.wiley.com\/doi\/abs\/10.1111\/jbi.13955\">JAN\u017dEKOVI\u010c, Franc, KLENOV\u0160EK, Tina. The biogeography of diet diversity of barn owls on Mediterranean islands.<\/a><br \/>\n<a href=\"https:\/\/onlinelibrary.wiley.com\/doi\/abs\/10.1111\/jbi.13955\">Journal of Biogeography. 2020; 00:1\u20139. DOI: 10.1111\/jbi.13955.<\/a><\/p>\n<p><a href=\"https:\/\/doi.org\/10.1016\/j.dam.2018.05.052\">KELENC, Aleksander, TRATNIK, Niko, YERO, Ismael G. Uniquely identifying the edges of a graph : the edge metric dimension.<\/a><br \/>\n<a href=\"https:\/\/doi.org\/10.1016\/j.dam.2018.05.052\">Discrete applied mathematics, 2018, vol. 251, str. 204-220, DOI: 10.1016\/j.dam.2018.05.052.<\/a><\/p>\n<p><a href=\"https:\/\/novapublishers.com\/shop\/society-5-0-and-literacy-4-0-for-the-21st-century\/\">KORDIGEL ABER\u0160EK, Metka, ABER\u0160EK, Boris. <em>Society 5.0 and literacy 4.0 for the 21st century<\/em>. New York: Nova Science Publishers, cop. 2020.<\/a><\/p>\n<p><a href=\"https:\/\/doi.org\/10.1016\/j.apenergy.2019.03.134\">MARKOVI\u010c, Rene, GOSAK, Marko, GRUBELNIK, Vladimir, MARHL, Marko, VIRTI\u010c, Peter. Data-driven classification of residential<\/a><br \/>\n<a href=\"https:\/\/doi.org\/10.1016\/j.apenergy.2019.03.134\">energy consumption patterns by means of functional connectivity networks. Applied energy, 2019, vol. 242, str. 506-515,\u00a0DOI: 10.1016\/j.apenergy.2019.03.134.<\/a><\/p>\n<p><a href=\"https:\/\/www.tandfonline.com\/doi\/full\/10.1080\/03043797.2022.2033169\">PLOJ VIRTI\u010c, Mateja, \u0160ORGO, Andrej. Lower secondary school experiences as predictors of career aspirations toward engineering, and production and processing occupations.\u00a0<em>European Journal of Engineering Education<\/em>, 2022, 1-18. DOI: 10.1080\/03043797.2022.2033169<\/a><\/p>\n<p><a href=\"https:\/\/doi.org\/10.1038\/s41467-019-09862-y\">SALAMONCZYK, Miroslaw, VAUPOTI\u010c, Nata\u0161a, POCIECHA, Damian, WALKER, Rebecca, STOREY, John M. D.,\u00a0IMRIE, Corrie T., WANG, Cheng, ZHU, Chenhui, G\u00d3RECKA, Ewa.\u00a0Multi-level chirality in liquid crystals formed by achiral molecules. <\/a><a href=\"https:\/\/doi.org\/10.1038\/s41467-019-09862-y\">Nature communications, 2019, vol. 8, str. 1922-1-1922-8,\u00a0DOI: 10.1038\/s41467-019-09862-y.<\/a><\/p>\n<p><a href=\"https:\/\/link.springer.com\/article\/10.1007\/s10798-020-09597-8\">\u0160AFHALTER, Andrej, GLODE\u017d, Sre\u010dko, \u0160ORGO, Andrej, PLOJ VIRTI\u010c, Mateja. Development of spatial thinking abilities in engineering 3D modeling course aimed at lower secondary students. <em>International journal of technology and design education<\/em>. 2020. DOI: 10.1007\/s10798-020-09597-8.<\/a><\/p>\n<p><a href=\"https:\/\/www.fnm.um.si\/wp-content\/uploads\/Izpostavljeni-clanki\/Sajna_Megabruchidius_BIR.pdf\">\u0160AJNA, Nina. First record of non-native Asian seed beetle, Megabruchidius dorsalis (F\u00e5hr\u00e6us, 1839) and its parasitoid, in Slovenia.<\/a><br \/>\n<a href=\"https:\/\/www.fnm.um.si\/wp-content\/uploads\/Izpostavljeni-clanki\/Sajna_Megabruchidius_BIR.pdf\">BioInvasions Records. 2019, vol. 8, issue 3, str. 515-520, DOI: 10.3391\/bir.2019.8.3.06.<\/a><\/p>\n<p><a href=\"https:\/\/doi.org\/10.1016\/j.jrurstud.2019.09.011\">\u0160PUR, Natalija, \u0160KORNIK, Sonja, \u0160ORGO, Andrej. Influence of attitudinal dimensions on children&#8217;s interest in preserving extensive grasslands.<\/a><br \/>\n<a href=\"https:\/\/doi.org\/10.1016\/j.jrurstud.2019.09.011\">Journal of Rural Studies. [Print ed.]. 2019, vol. 72, str. 23-36, DOI: 10.1016\/j.jrurstud.2019.09.011.<\/a><\/p>\n<p><a href=\"https:\/\/doi.org\/10.1017\/S0376892920000119\">\u0160PUR, Natalija, \u0160KORNIK, Sonja, \u0160ORGO, Andrej. Influence of experience, interest, knowledge and learning source on children&#8217;s attitudes\u00a0towards extensive grassland conservation. <\/a><a href=\"https:\/\/doi.org\/10.1017\/S0376892920000119\">Environmental conservation. 2020, str. 1-8, DOI: 10.1017\/S0376892920000119.<\/a><\/p>\n<p><a href=\"https:\/\/doi.org\/10.1016\/j.disc.2017.10.024\">XU, Kexiang, LI, Xia, KLAV\u017dAR, Sandi. On graphs with largest possible game domination number. <\/a><br \/>\n<a href=\"https:\/\/doi.org\/10.1016\/j.disc.2017.10.024\">Discrete Mathematics, 2018, vol. 341, str. 1768-1777, DOI: 10.1016\/j.disc.2017.10.024. <\/a><\/p>\n","protected":false},"excerpt":{"rendered":"<p>BRE\u0160AR, Bo\u0161tjan, KLAV\u017dAR, Sandi, RALL, Douglas F., KUENZEL, Kirsti. Packing chromatic number under local changes in a graph. Discrete Mathematics, 2017, vol. 340,\u00a0str. 1110-1115, DOI: 10.1016\/j.disc.2016.09.030 BRE\u0160AR, Matej. Commutators and images of noncommutative polynomials. Advances in mathematics, 2020, vol. 374, art. 107346 (21 str.),\u00a0DOI: 10.1016\/j.aim.2020.107346. DA CRUZ, Leonardo P.C., ROMANOVSKI, Valery, TORREGROSA, Joan,\u00a0The center and [&hellip;]<\/p>\n","protected":false},"author":1,"featured_media":0,"parent":0,"menu_order":0,"comment_status":"closed","ping_status":"closed","template":"","meta":{"_et_pb_use_builder":"","_et_pb_old_content":"","_et_gb_content_width":"","footnotes":""},"class_list":["post-27854","page","type-page","status-publish","hentry"],"publishpress_future_workflow_manual_trigger":{"enabledWorkflows":[]},"_links":{"self":[{"href":"https:\/\/www.fnm.um.si\/index.php\/wp-json\/wp\/v2\/pages\/27854","targetHints":{"allow":["GET"]}}],"collection":[{"href":"https:\/\/www.fnm.um.si\/index.php\/wp-json\/wp\/v2\/pages"}],"about":[{"href":"https:\/\/www.fnm.um.si\/index.php\/wp-json\/wp\/v2\/types\/page"}],"author":[{"embeddable":true,"href":"https:\/\/www.fnm.um.si\/index.php\/wp-json\/wp\/v2\/users\/1"}],"replies":[{"embeddable":true,"href":"https:\/\/www.fnm.um.si\/index.php\/wp-json\/wp\/v2\/comments?post=27854"}],"version-history":[{"count":11,"href":"https:\/\/www.fnm.um.si\/index.php\/wp-json\/wp\/v2\/pages\/27854\/revisions"}],"predecessor-version":[{"id":37467,"href":"https:\/\/www.fnm.um.si\/index.php\/wp-json\/wp\/v2\/pages\/27854\/revisions\/37467"}],"wp:attachment":[{"href":"https:\/\/www.fnm.um.si\/index.php\/wp-json\/wp\/v2\/media?parent=27854"}],"curies":[{"name":"wp","href":"https:\/\/api.w.org\/{rel}","templated":true}]}}