{"id":24854,"date":"2020-01-30T11:38:20","date_gmt":"2020-01-30T09:38:20","guid":{"rendered":"https:\/\/www.fnm.um.si\/?page_id=24854"},"modified":"2020-01-30T12:04:28","modified_gmt":"2020-01-30T10:04:28","slug":"shema2","status":"publish","type":"page","link":"https:\/\/www.fnm.um.si\/index.php\/shema2\/","title":{"rendered":"Predstavitev \u0161tudija"},"content":{"rendered":"<p>Na Fakulteti za naravoslovje in matematiko izvajamo \u0161tudijske programe in omogo\u010damo usvajanje novega znanja na podro\u010djih biologije, ekologije, fizike in matematike; ter pridobitev izobrazbe za pou\u010devanje biologije, fizike, kemije, matematike, ra\u010dunalni\u0161tva in tehnike v osnovnih in srednjih \u0161olah.<\/p>\n<table class=\"predmetniki\" style=\"height: 115px;\" border=\"0\" cellspacing=\"0\" cellpadding=\"0\">\n<thead>\n<tr style=\"height: 23px;\">\n<th style=\"height: 23px; width: 171.183px;\">1. stopnja<\/th>\n<\/tr>\n<\/thead>\n<tbody>\n<tr style=\"height: 23px;\">\n<td style=\"height: 23px; width: 171.183px;\"><a href=\"https:\/\/www.fnm.um.si\/index.php\/2010\/10\/04\/univerzitetni-tudijski-program-prve-stopnje-biologija\/\">Biologija<\/a><\/td>\n<\/tr>\n<tr style=\"height: 23px;\">\n<td style=\"height: 23px; width: 171.183px;\"><a href=\"https:\/\/www.fnm.um.si\/index.php\/2010\/10\/04\/univerzitetni-tudijski-program-prve-stopnje-ekologija-z-naravovarstvom-ekna\/\">Ekologija z naravovarstvom<\/a><\/td>\n<\/tr>\n<tr style=\"height: 23px;\">\n<td style=\"height: 23px; width: 171.183px;\"><a href=\"https:\/\/www.fnm.um.si\/index.php\/2010\/10\/04\/univerzitetni-tudijski-program-prve-stopnje-fizika\/\">Fizika<\/a><\/td>\n<\/tr>\n<tr style=\"height: 23px;\">\n<td style=\"height: 23px; width: 171.183px;\"><a href=\"https:\/\/www.fnm.um.si\/index.php\/2010\/10\/04\/univerzitetni-tudijski-program-prve-stopnje-matematika\/\">Matematika<\/a><\/td>\n<\/tr>\n<\/tbody>\n<\/table>\n<table class=\"predmetniki\" border=\"0\" cellspacing=\"0\" cellpadding=\"0\">\n<thead>\n<tr>\n<th>Pedago\u0161ki programi<\/th>\n<\/tr>\n<\/thead>\n<tbody>\n<tr>\n<td><a href=\"https:\/\/www.fnm.um.si\/index.php\/2016\/01\/18\/tudijske-usmeritve-s-predmetnikom-in-predmetno-specifinimi-kompetencami\/\"><strong>Predmetni u\u010ditelj<\/strong><\/a> (enovit mag. \u0161tudij)<br \/>\nVezave dveh poljubnih predmetnih usmeritev<br \/>\n<em>Izobra\u017eevalna biologija<\/em><br \/>\n<em>Izobra\u017eevalna fizika<\/em><br \/>\n<em>Izobra\u017eevalna kemija<\/em><br \/>\n<em>Izobra\u017eevalna matematika<\/em><br \/>\n<em>Izobra\u017eevalna ra\u010dunalni\u0161tvo<\/em><br \/>\n<em>Izobra\u017eevalna tehnika<\/em><\/td>\n<\/tr>\n<tr>\n<td><a href=\"https:\/\/www.fnm.um.si\/index.php\/2010\/12\/03\/tudijski-program-druge-stopnje-izobraevalna-matematika-enopredmetni\/\">Izobra\u017eevalna matematika (enopredmetna) &#8211; 2. stopnja<\/a><\/td>\n<\/tr>\n<tr>\n<td><a href=\"https:\/\/www.fnm.um.si\/index.php\/2010\/12\/03\/tudijski-program-druge-stopnje-izobraevalna-tehnika-enopredmetni\/\">Izobra\u017eevalna tehnika (enopredmetna) &#8211; 2. stopnja<\/a><\/td>\n<\/tr>\n<\/tbody>\n<\/table>\n<table class=\"predmetniki\" border=\"0\" cellspacing=\"0\" cellpadding=\"0\">\n<thead>\n<tr>\n<th>2. stopnja<\/th>\n<\/tr>\n<\/thead>\n<tbody>\n<tr>\n<td><a href=\"https:\/\/www.fnm.um.si\/index.php\/2010\/12\/03\/tudijski-program-druge-stopnje-biologija-in-ekologija-z-naravovarstvom\/\">Biologija in ekologija z naravovarstvom<\/a><\/td>\n<\/tr>\n<tr>\n<td><a href=\"https:\/\/www.fnm.um.si\/index.php\/2010\/12\/03\/tudijski-program-druge-stopnje-fizika\/\">Fizika<\/a><\/td>\n<\/tr>\n<tr>\n<td><a href=\"https:\/\/www.fnm.um.si\/index.php\/2010\/12\/03\/tudijski-program-druge-stopnje-matematika\/\">Matematika<\/a><\/td>\n<\/tr>\n<\/tbody>\n<\/table>\n<table class=\"predmetniki\" border=\"0\" cellspacing=\"0\" cellpadding=\"0\">\n<thead>\n<tr>\n<th>3. stopnja<\/th>\n<\/tr>\n<\/thead>\n<tbody>\n<tr>\n<td><a href=\"https:\/\/www.fnm.um.si\/index.php\/2018\/02\/21\/studijski-program-3-stopnje-ekoloske-znanosti-doktorska-sola-osnovne-informacije\/\">Ekolo\u0161ke znanosti<\/a><\/td>\n<\/tr>\n<tr>\n<td><a href=\"https:\/\/www.fnm.um.si\/index.php\/2018\/02\/21\/studijski-program-3-stopnje-tehnika-doktorska-sola-osnovne-informacije\/\">Tehnika &#8211; podro\u010dje izobra\u017eevanja<\/a><\/td>\n<\/tr>\n<tr>\n<td><a href=\"https:\/\/www.fnm.um.si\/index.php\/2018\/02\/21\/studijski-program-3-stopnje-fizika-doktorska-sola-osnovne-informacije\/\">Fizika<\/a><\/td>\n<\/tr>\n<tr>\n<td><a href=\"https:\/\/www.fnm.um.si\/index.php\/2018\/02\/21\/studijski-program-3-stopnje-matematika-doktorska-sola-osnovne-informacije\/\">Matematika<\/a><\/td>\n<\/tr>\n<\/tbody>\n<\/table>\n","protected":false},"excerpt":{"rendered":"<p>Na Fakulteti za naravoslovje in matematiko izvajamo \u0161tudijske programe in omogo\u010damo usvajanje novega znanja na podro\u010djih biologije, ekologije, fizike in matematike; ter pridobitev izobrazbe za pou\u010devanje biologije, fizike, kemije, matematike, ra\u010dunalni\u0161tva in tehnike v osnovnih in srednjih \u0161olah. 1. stopnja Biologija Ekologija z naravovarstvom Fizika Matematika Pedago\u0161ki programi Predmetni u\u010ditelj (enovit mag. \u0161tudij) Vezave dveh [&hellip;]<\/p>\n","protected":false},"author":1,"featured_media":0,"parent":0,"menu_order":0,"comment_status":"closed","ping_status":"closed","template":"","meta":{"_et_pb_use_builder":"","_et_pb_old_content":"","_et_gb_content_width":"","footnotes":""},"class_list":["post-24854","page","type-page","status-publish","hentry"],"publishpress_future_workflow_manual_trigger":{"enabledWorkflows":[]},"_links":{"self":[{"href":"https:\/\/www.fnm.um.si\/index.php\/wp-json\/wp\/v2\/pages\/24854","targetHints":{"allow":["GET"]}}],"collection":[{"href":"https:\/\/www.fnm.um.si\/index.php\/wp-json\/wp\/v2\/pages"}],"about":[{"href":"https:\/\/www.fnm.um.si\/index.php\/wp-json\/wp\/v2\/types\/page"}],"author":[{"embeddable":true,"href":"https:\/\/www.fnm.um.si\/index.php\/wp-json\/wp\/v2\/users\/1"}],"replies":[{"embeddable":true,"href":"https:\/\/www.fnm.um.si\/index.php\/wp-json\/wp\/v2\/comments?post=24854"}],"version-history":[{"count":10,"href":"https:\/\/www.fnm.um.si\/index.php\/wp-json\/wp\/v2\/pages\/24854\/revisions"}],"predecessor-version":[{"id":24866,"href":"https:\/\/www.fnm.um.si\/index.php\/wp-json\/wp\/v2\/pages\/24854\/revisions\/24866"}],"wp:attachment":[{"href":"https:\/\/www.fnm.um.si\/index.php\/wp-json\/wp\/v2\/media?parent=24854"}],"curies":[{"name":"wp","href":"https:\/\/api.w.org\/{rel}","templated":true}]}}