{"id":191,"date":"2010-09-24T09:13:04","date_gmt":"2010-09-24T09:13:04","guid":{"rendered":"http:\/\/164.8.33.101\/index.php\/2010\/09\/24\/podiplomski-tudijski-programi\/"},"modified":"2021-05-03T12:46:04","modified_gmt":"2021-05-03T10:46:04","slug":"podiplomski-tudijski-programi","status":"publish","type":"page","link":"https:\/\/www.fnm.um.si\/index.php\/predstavitev-tudija\/podiplomski-tudijski-programi\/","title":{"rendered":"Podiplomski \u0161tudijski programi"},"content":{"rendered":"<h2><span style=\"color: #000000;\"><a style=\"color: #000000;\" href=\"http:\/\/www.fnm.um.si\/index.php\/2016\/01\/18\/univerzitetni-tudijski-program-prve-stopnje-izobraevalna-biologija-dvopredmetni-tudijski-program-2\/\" rel=\"noopener\">Enoviti pedago\u0161ki magistrski program 2. stopnje Predmetni u\u010ditelj<\/a><\/span><\/h2>\n<p>&nbsp;<\/p>\n<h2><span class=\"scayt-misspell\" data-scayt_word=\"Bolonjski\" data-scaytid=\"1\">Bolonjski<\/span> <span class=\"scayt-misspell\" data-scayt_word=\"\u0161tudijski\" data-scaytid=\"3\">\u0161tudijski<\/span> <span class=\"scayt-misspell\" data-scayt_word=\"programi\" data-scaytid=\"5\">programi<\/span> 2. <span class=\"scayt-misspell\" data-scayt_word=\"stopnje\" data-scaytid=\"7\">stopnje<\/span> (<span class=\"scayt-misspell\" data-scayt_word=\"magistrski\" data-scaytid=\"9\">magistrski<\/span>)<\/h2>\n<ul>\n<li><a href=\"http:\/\/www.fnm.um.si\/index.php\/2010\/12\/03\/tudijski-program-druge-stopnje-biologija-in-ekologija-z-naravovarstvom\/\"><span class=\"scayt-misspell\" data-scayt_word=\"Biologija\" data-scaytid=\"11\">Biologija<\/span> in <span class=\"scayt-misspell\" data-scayt_word=\"ekologija\" data-scaytid=\"12\">ekologija<\/span> z <span class=\"scayt-misspell\" data-scayt_word=\"naravovarstvom\" data-scaytid=\"14\">naravovarstvom<\/span><\/a><\/li>\n<li><a href=\"http:\/\/www.fnm.um.si\/index.php\/2010\/12\/03\/tudijski-program-druge-stopnje-matematika\/\"><span class=\"scayt-misspell\" data-scayt_word=\"Matematika\" data-scaytid=\"16\">Matematika<\/span><\/a><\/li>\n<li><a href=\"http:\/\/www.fnm.um.si\/index.php\/2010\/12\/03\/tudijski-program-druge-stopnje-fizika\/\"><span class=\"scayt-misspell\" data-scayt_word=\"Fizika\" data-scaytid=\"263\">Fizika<\/span><\/a><\/li>\n<\/ul>\n<h2><span class=\"scayt-misspell\" data-scayt_word=\"Pedago\u0161ki\" data-scaytid=\"297\">Pedago\u0161ki<\/span> <span class=\"scayt-misspell\" data-scayt_word=\"bolonjski\" data-scaytid=\"298\">bolonjski<\/span> <span class=\"scayt-misspell\" data-scayt_word=\"\u0161tudijski\" data-scaytid=\"3\">\u0161tudijski<\/span> <span class=\"scayt-misspell\" data-scayt_word=\"programi\" data-scaytid=\"5\">programi<\/span> 2. <span class=\"scayt-misspell\" data-scayt_word=\"stopnje\" data-scaytid=\"7\">stopnje<\/span> (<span class=\"scayt-misspell\" data-scayt_word=\"magistrski\" data-scaytid=\"9\">magistrski<\/span>)<span style=\"display: none;\">\u00a0<\/span><\/h2>\n<p><strong><span style=\"line-height: 115%;\"><span style=\"color: #000000;\">Enopredmetni pedago\u0161ki \u0161tudijski programi 2. stopnje:<\/span><\/span><\/strong><\/p>\n<ul>\n<li><span style=\"line-height: 115%;\"><span style=\"color: #000000;\"><a href=\"http:\/\/www.fnm.um.si\/index.php\/2010\/12\/03\/tudijski-program-druge-stopnje-izobraevalna-fizika-enopredmetni\/\"><span class=\"scayt-misspell\" data-scayt_word=\"Izobra\u017eevalna\" data-scaytid=\"20\">Izobra\u017eevalna<\/span> <span class=\"scayt-misspell\" data-scayt_word=\"fizika\" data-scaytid=\"26\">fizika<\/span> &#8211; <span class=\"scayt-misspell\" data-scayt_word=\"enopredmetna\" data-scaytid=\"288\">enopredmetni<\/span><\/a><\/span><\/span><span style=\"font-size: 12px;\"><span style=\"line-height: 115%;\"><span style=\"color: #000000;\"><span class=\"scayt-misspell\" data-scayt_word=\"enopredmetna\" data-scaytid=\"288\"><span style=\"font-size: 12px;\"><span class=\"scayt-misspell\" data-scayt_word=\"Izobra\u017eevalna\" data-scaytid=\"19\"><span class=\"scayt-misspell\" data-scayt_word=\"dvopredmetna\" data-scaytid=\"34\">\u00a0 (<span class=\"scayt-misspell\" data-scayt_word=\"vpis\" data-scaytid=\"107\">vpis<\/span> <span class=\"scayt-misspell\" data-scayt_word=\"ni\" data-scaytid=\"122\">ni<\/span> <span class=\"scayt-misspell\" data-scayt_word=\"ve\u010d\" data-scaytid=\"124\">ve\u010d<\/span> <span class=\"scayt-misspell\" data-scayt_word=\"mogo\u010d\" data-scaytid=\"126\">mogo\u010d<\/span>)<\/span><\/span><\/span><\/span><\/span><\/span><\/span><\/li>\n<li><span style=\"line-height: 115%;\"><span style=\"color: #000000;\"><a href=\"http:\/\/www.fnm.um.si\/index.php\/2010\/12\/03\/tudijski-program-druge-stopnje-izobraevalna-matematika-enopredmetni\/\"><span class=\"scayt-misspell\" data-scayt_word=\"Izobra\u017eevalna\" data-scaytid=\"38\">Izobra\u017eevalna<\/span> <span class=\"scayt-misspell\" data-scayt_word=\"matematika\" data-scaytid=\"50\">matematika<\/span> &#8211; <span class=\"scayt-misspell\" data-scayt_word=\"enopredmetna\" data-scaytid=\"43\">enopredmetni<\/span><\/a><\/span><\/span><\/li>\n<li><span style=\"line-height: 115%;\"><span style=\"color: #000000;\"><a href=\"http:\/\/www.fnm.um.si\/index.php\/2010\/12\/03\/tudijski-program-druge-stopnje-izobraevalna-tehnika-enopredmetni\/\"><span class=\"scayt-misspell\" data-scayt_word=\"Izobra\u017eevalna\" data-scaytid=\"18\">Izobra\u017eevalna<\/span> <span class=\"scayt-misspell\" data-scayt_word=\"tehnika\" data-scaytid=\"22\">tehnika<\/span> &#8211; <span class=\"scayt-misspell\" data-scayt_word=\"enopredmetna\" data-scaytid=\"284\">enopredmetni<\/span><\/a><\/span><\/span><\/li>\n<\/ul>\n<p><strong><span style=\"line-height: 115%;\"><span style=\"color: #000000;\"><span style=\"line-height: 115%;\"><span style=\"color: #000000;\">Dvopredmetni\u00a0pedago\u0161ki \u0161tudijski programi 2. stopnje:<\/span><\/span><\/span><\/span><\/strong><\/p>\n<p><span style=\"color: #ff0000;\">Zaradi postopnega opu\u0161\u010danja veljajo naslednje spremembe:<\/span><br \/>\n<span style=\"color: #ff0000;\"><em>\u00a0&#8211; od \u0161tud. l. 2020\/21\u00a0<u>ni<\/u>\u00a0ve\u010d mo\u017een vpis v 1. letnik.<br \/>\n&#8211; od \u0161tud. l. 2021\/22 <u>ni<\/u> ve\u010d mo\u017een vpis v 2. letnik.<br \/>\n<\/em><\/span><\/p>\n<p><a href=\"https:\/\/www.fnm.um.si\/wp-content\/uploads\/2020\/04\/Obvestilo-o-prenehanju-izvajanja-dvopredmetnih-stud-programov-FNM-UM_8-4-2020.pdf\"><span style=\"color: #ff0000;\">NOVO: Obvestilo o prenehanju izvajanja dvopredmetnih \u0161tudijskih programov druge stopnje (objavljeno 8. 4. 2020)<\/span><\/a><\/p>\n<p><span style=\"color: #000000;\"><a style=\"color: #000000;\" href=\"http:\/\/www.fnm.um.si\/wp-content\/uploads\/2010\/09\/Obvestilo_studentom-o_izteku_dvopredmetnih_bolonjskih_studijskih_programov.pdf\" target=\"_blank\" rel=\"noopener\"><span style=\"line-height: 115%;\"><span style=\"line-height: 115%;\">Nadaljevanje in zaklju\u010devanje bolonjskih dvopredmetnih \u0161tudijskih programov prve in druge stopnje (KLIK)<\/span><\/span><\/a><br \/>\n<a href=\"https:\/\/www.fnm.um.si\/wp-content\/uploads\/2019\/01\/Obvestilo-o-prenehanju-izvajanja-dvopredmetnih-stud-programov.pdf\"><span style=\"color: #000000;\">Zaklju\u010devanje dvopredmetnih \u0161tudijskih programov prve in druge stopnje (KLIK)<\/span><\/a><br \/>\n<\/span><\/p>\n<ul>\n<li><span class=\"scayt-misspell\" data-scayt_word=\"Izobra\u017eevalna\" data-scaytid=\"19\"><a href=\"http:\/\/www.fnm.um.si\/index.php\/2010\/12\/03\/tudijski-program-druge-stopnje-izobraevalna-biologija-dvopredmetni\/\"><span class=\"scayt-misspell\" data-scayt_word=\"Izobra\u017eevalna\" data-scaytid=\"37\">Izobra\u017eevalna<\/span> <span class=\"scayt-misspell\" data-scayt_word=\"biologija\" data-scaytid=\"41\">biologija<\/span> &#8211; <span class=\"scayt-misspell\" data-scayt_word=\"dvopredmetna\" data-scaytid=\"34\">dvopredmetni<\/span><\/a><\/span><span style=\"font-size: 13px;\"><span class=\"scayt-misspell\" data-scayt_word=\"Izobra\u017eevalna\" data-scaytid=\"19\"><span class=\"scayt-misspell\" data-scayt_word=\"dvopredmetna\" data-scaytid=\"34\">\u00a0<\/span><\/span><\/span><\/li>\n<li><a href=\"http:\/\/www.fnm.um.si\/index.php\/2010\/12\/03\/tudijski-program-druge-stopnje-izobraevalna-fizika-dvopredmetni\/\"><span class=\"scayt-misspell\" data-scayt_word=\"Izobra\u017eevalna\" data-scaytid=\"21\">Izobra\u017eevalna<\/span> <span class=\"scayt-misspell\" data-scayt_word=\"fizika\" data-scaytid=\"28\">fizika<\/span> &#8211; <span class=\"scayt-misspell\" data-scayt_word=\"dvopredmetna\" data-scaytid=\"30\">dvopredmetni<\/span><\/a><\/li>\n<li><a href=\"http:\/\/www.fnm.um.si\/index.php\/2011\/11\/28\/2stizokemdvopredmetni\/\"><span class=\"scayt-misspell\" data-scayt_word=\"Izobra\u017eevalna\" data-scaytid=\"36\">Izobra\u017eevalna<\/span> <span class=\"scayt-misspell\" data-scayt_word=\"kemija\" data-scaytid=\"39\">kemija<\/span> &#8211; <span class=\"scayt-misspell\" data-scayt_word=\"dvopredmetna\" data-scaytid=\"32\">dvopredmetni<\/span><\/a><\/li>\n<li><a href=\"http:\/\/www.fnm.um.si\/index.php\/2010\/12\/03\/tudijski-program-druge-stopnje-izobraevalna-matematika-dvopredmetni\/\"><span class=\"scayt-misspell\" data-scayt_word=\"Izobra\u017eevalna\" data-scaytid=\"45\">Izobra\u017eevalna<\/span> <span class=\"scayt-misspell\" data-scayt_word=\"matematika\" data-scaytid=\"52\">matematika<\/span> &#8211; <span class=\"scayt-misspell\" data-scayt_word=\"dvopredmetna\" data-scaytid=\"46\">dvopredmetni<\/span><\/a><\/li>\n<li><a href=\"http:\/\/www.fnm.um.si\/index.php\/2010\/12\/03\/tudijski-program-druge-stopnje-izobraevalno-raunalnitvo-dvopredmetno\/\"><span class=\"scayt-misspell\" data-scayt_word=\"Izobra\u017eevalno\" data-scaytid=\"54\">Izobra\u017eevalno<\/span> <span class=\"scayt-misspell\" data-scayt_word=\"ra\u010dunalni\u0161tvo\" data-scaytid=\"55\">ra\u010dunalni\u0161tvo<\/span> &#8211; <span class=\"scayt-misspell\" data-scayt_word=\"dvopredmetna\" data-scaytid=\"48\">dvopredmetni<\/span><\/a><\/li>\n<li><a href=\"http:\/\/www.fnm.um.si\/index.php\/2010\/12\/03\/tudijski-program-druge-stopnje-izobraevalna-tehnika-dvopredmetni\/\"><span class=\"scayt-misspell\" data-scayt_word=\"Izobra\u017eevalna\" data-scaytid=\"19\">Izobra\u017eevalna<\/span> <span class=\"scayt-misspell\" data-scayt_word=\"tehnika\" data-scaytid=\"24\">tehnika<\/span> &#8211; <span class=\"scayt-misspell\" data-scayt_word=\"dvopredmetna\" data-scaytid=\"286\">dvopredmetni<\/span><\/a><\/li>\n<\/ul>\n<p style=\"text-align: left;\">Dvopredmetne \u0161tudijske programe 2. stopnje je mogo\u010de poljubno vezati v okviru dvopredmetnih \u0161tudijskih programov 2. stopnje Fakultete za naravoslovje in matematiko. To pomeni, da kandidat izmed razpisanih dvopredmetnih \u0161tudijskih programov izbere poljubna dva, ki skupaj tvorita celoto.<\/p>\n<p style=\"text-align: left;\"><span class=\"scayt-misspell\" data-scayt_word=\"dvopredmetna\" data-scaytid=\"286\">Dvopredmetne \u0161tudijske programe 2. stopnje Fakultete za naravoslovje in matematiko Univerze v Mariboru je mogo\u010de vezati z izbranimi pedago\u0161kimi in nepedago\u0161kimi dvopredmetnimi \u0161tudijskimi programi 2. stopnje Filozofske fakultete Univerze v Mariboru.<\/span><\/p>\n<p>&nbsp;<\/p>\n<h2><span class=\"scayt-misspell\" data-scayt_word=\"\u0161tudijski\" data-scaytid=\"59\">\u0160tudijski<\/span> <span class=\"scayt-misspell\" data-scayt_word=\"programi\" data-scaytid=\"61\">programi<\/span> 3. <span class=\"scayt-misspell\" data-scayt_word=\"stopnje\" data-scaytid=\"63\">stopnje<\/span> (<span class=\"scayt-misspell\" data-scayt_word=\"doktorski\" data-scaytid=\"67\">doktorski<\/span>)<\/h2>\n<ul>\n<li><span style=\"font-size: 12pt;\"><a href=\"https:\/\/www.fnm.um.si\/index.php\/2018\/02\/19\/3-letni-studijski-programi-3-stopnje\/\">3-LETNI \u0160TUDIJSKI PROGRAMI 3. STOPNJE<\/a><\/span><\/li>\n<li><span style=\"color: #000000;\">Zaradi postopnega opu\u0161\u010danja veljajo naslednje spremembe:<br \/>\n<\/span><em style=\"color: #000000;\">&#8211; od \u0161tud. l. 2018\/19 <u>ni<\/u> ve\u010d mo\u017een vpis v 1. letnik,<br \/>\n<\/em><em style=\"color: #000000;\">&#8211; od \u0161tud. l. 2019\/20\u00a0<u>ni<\/u> ve\u010d mo\u017een vpis v 2. letnik,<br \/>\n&#8211; od \u0161tud. l. 2020\/21\u00a0<u>ni<\/u> ve\u010d mo\u017een vpis v 3. letnik.<br \/>\n<\/em><\/li>\n<\/ul>\n<p><span style=\"color: #000000;\">Nadaljevanje in zaklju\u010devanje 3-letnih \u0161tudijskih programov 3. stopnje<\/span><\/p>\n<ul>\n<li><a href=\"https:\/\/www.fnm.um.si\/wp-content\/uploads\/2020\/03\/Obvestilo-doktorskim-studentom-3-letnih-doktorskih-programov_30-3-2020.pdf\">Obvestilo \u0161tudentom o zaklju\u010dku 3-letnega programa (objava: 30. marec 2020)<\/a><\/li>\n<li><a href=\"https:\/\/www.fnm.um.si\/wp-content\/uploads\/2018\/03\/Obvestilo-DOK-studentom-o-prehodu-v-4-letni-program.pdf\">Obvestilo \u0161tudentom o prehodu na 4-letni program<\/a><\/li>\n<li><a href=\"https:\/\/www.fnm.um.si\/wp-content\/uploads\/2018\/03\/Doktorski-studij-Casovnica-sklep-FNM.pdf\">\u010casovnica &#8211; sklep Senata FNM<\/a><\/li>\n<li><a href=\"https:\/\/www.fnm.um.si\/wp-content\/uploads\/2018\/03\/Casovnica-prehoda-v-4-letni-DOK-program.pdf\">\u010casovnica uvajanja prenovljenih 4-letnih in opu\u0161\u010danja 3-letnih doktorskih \u0161tudijskih programov<\/a><\/li>\n<\/ul>\n<ul>\n<li><span style=\"font-size: 12pt;\"><a href=\"https:\/\/www.fnm.um.si\/index.php\/2018\/02\/21\/4-letni-studijski-programi-3-stopnje\/\">4-LETNA DOKTORSKA \u0160OLA<\/a><\/span><\/li>\n<li><span style=\"color: #000000;\">Zaradi postopnega uvajanja oz. izvajanja velja:<br \/>\n<\/span><span style=\"color: #000000;\"><em>&#8211; od \u0161tud. l. 2018\/19 <u>je<\/u> mo\u017een vpis v 1. letnik,<br \/>\n<\/em><\/span><span style=\"color: #000000;\"><em>&#8211; od \u0161tud. l. 2019\/20 <u>je<\/u> mo\u017een vpis v 2. letnik,<br \/>\n<em style=\"color: #000000;\">&#8211; od \u0161tud. l. 2020\/21 j<u>e<\/u>\u00a0 mo\u017een vpis v 3. letnik.<br \/>\n&#8211; od \u0161tud. l. 2021\/22 j<u>e<\/u>\u00a0 mo\u017een vpis v 4. letnik.<\/em><br \/>\n<\/em><\/span><\/li>\n<\/ul>\n<h2>\u00a0<a href=\"http:\/\/www.fnm.um.si\/index.php\/2017\/02\/20\/specialistini-magistrski-in-doktorski-tudij-stari-programi\/\" target=\"_blank\" rel=\"noopener\"><span class=\"scayt-misspell\" data-scayt_word=\"Specialisti\u010dni\" data-scaytid=\"82\">Specialisti\u010dni<\/span>, <span class=\"scayt-misspell\" data-scayt_word=\"magistrski\" data-scaytid=\"72\">magistrski<\/span> in <span class=\"scayt-misspell\" data-scayt_word=\"doktorski\" data-scaytid=\"74\">doktorski<\/span> <span class=\"scayt-misspell\" data-scayt_word=\"\u0161tudij\" data-scaytid=\"86\">\u0161tudij<\/span> (<span class=\"scayt-misspell\" data-scayt_word=\"stari\" data-scaytid=\"88\">stari<\/span> <span class=\"scayt-misspell\" data-scayt_word=\"programi\" data-scaytid=\"76\">programi<\/span>)<\/a><\/h2>\n<h3><\/h3>\n<h2><span class=\"scayt-misspell\" data-scayt_word=\"Prodekan\" data-scaytid=\"245\">Prodekan<\/span> <span class=\"scayt-misspell\" data-scayt_word=\"za\" data-scaytid=\"247\">za<\/span> <span class=\"scayt-misspell\" data-scayt_word=\"znanstvenoraziskovalno\" data-scaytid=\"249\">znanstvenoraziskovalno<\/span> in <span class=\"scayt-misspell\" data-scayt_word=\"podiplomsko\" data-scaytid=\"251\">mednarodno<\/span> <span class=\"scayt-misspell\" data-scayt_word=\"dejavnost\" data-scaytid=\"253\">dejavnost<\/span><\/h2>\n<p>red. <span data-scayt_word=\"prof\" data-scaytid=\"7\">prof<\/span>. <span data-scayt_word=\"dr\" data-scaytid=\"8\">dr<\/span>. Aleksander Vesel<span data-scayt_word=\"Aleksander\" data-scaytid=\"15\"><br \/>\nE-po\u0161ta: aleksander.vesel@um.si<\/span><br \/>\n<span class=\"scayt-misspell\" data-scayt_word=\"Telefon\" data-scaytid=\"261\">Telefon<\/span>: 02\/22 93 809<\/p>\n","protected":false},"excerpt":{"rendered":"<p>Enoviti pedago\u0161ki magistrski program 2. stopnje Predmetni u\u010ditelj &nbsp; Bolonjski \u0161tudijski programi 2. stopnje (magistrski) Biologija in ekologija z naravovarstvom Matematika Fizika Pedago\u0161ki bolonjski \u0161tudijski programi 2. stopnje (magistrski)\u00a0 Enopredmetni pedago\u0161ki \u0161tudijski programi 2. stopnje: Izobra\u017eevalna fizika &#8211; enopredmetni\u00a0 (vpis ni ve\u010d mogo\u010d) Izobra\u017eevalna matematika &#8211; enopredmetni Izobra\u017eevalna tehnika &#8211; enopredmetni Dvopredmetni\u00a0pedago\u0161ki \u0161tudijski programi 2. [&hellip;]<\/p>\n","protected":false},"author":1,"featured_media":0,"parent":50,"menu_order":443,"comment_status":"closed","ping_status":"closed","template":"","meta":{"_et_pb_use_builder":"","_et_pb_old_content":"","_et_gb_content_width":"","footnotes":""},"class_list":["post-191","page","type-page","status-publish","hentry"],"publishpress_future_workflow_manual_trigger":{"enabledWorkflows":[]},"_links":{"self":[{"href":"https:\/\/www.fnm.um.si\/index.php\/wp-json\/wp\/v2\/pages\/191","targetHints":{"allow":["GET"]}}],"collection":[{"href":"https:\/\/www.fnm.um.si\/index.php\/wp-json\/wp\/v2\/pages"}],"about":[{"href":"https:\/\/www.fnm.um.si\/index.php\/wp-json\/wp\/v2\/types\/page"}],"author":[{"embeddable":true,"href":"https:\/\/www.fnm.um.si\/index.php\/wp-json\/wp\/v2\/users\/1"}],"replies":[{"embeddable":true,"href":"https:\/\/www.fnm.um.si\/index.php\/wp-json\/wp\/v2\/comments?post=191"}],"version-history":[{"count":62,"href":"https:\/\/www.fnm.um.si\/index.php\/wp-json\/wp\/v2\/pages\/191\/revisions"}],"predecessor-version":[{"id":31291,"href":"https:\/\/www.fnm.um.si\/index.php\/wp-json\/wp\/v2\/pages\/191\/revisions\/31291"}],"up":[{"embeddable":true,"href":"https:\/\/www.fnm.um.si\/index.php\/wp-json\/wp\/v2\/pages\/50"}],"wp:attachment":[{"href":"https:\/\/www.fnm.um.si\/index.php\/wp-json\/wp\/v2\/media?parent=191"}],"curies":[{"name":"wp","href":"https:\/\/api.w.org\/{rel}","templated":true}]}}