{"id":1184,"date":"2011-01-03T11:04:40","date_gmt":"2011-01-03T11:04:40","guid":{"rendered":"http:\/\/164.8.33.101\/index.php\/2011\/01\/03\/rc-tudentski-strenik\/"},"modified":"2017-07-10T10:45:02","modified_gmt":"2017-07-10T10:45:02","slug":"rc-tudentski-strenik","status":"publish","type":"page","link":"https:\/\/www.fnm.um.si\/index.php\/fakulteta-za-naravoslovje-in-matematiko\/rc-raunalniki-center\/rc-tudentski-strenik\/","title":{"rendered":"RC: \u0161tudentski stre\u017enik"},"content":{"rendered":"<h2>\u0160tudentski stre\u017enik<\/h2>\n<p>\u0160tudenti Fakultete za naravoslovje in matematiko imate mo\u017enost uporabe \u0161tudentskega stre\u017enika (LAMP &#8211; Linux, Apache, MySQL, PHP), kjer je na voljo:<\/p>\n<ul>\n<li>FTP,<\/li>\n<li>HTTP (<strong>Apache 2.2.3<\/strong>)<\/li>\n<li>PHP (<strong>PHP 5.3.3<\/strong>) in<\/li>\n<li>MySQL (<strong>MySQL 5.0.77<\/strong>).<\/li>\n<\/ul>\n<p>Vsakemu \u0161tudentu je dodeljenega 250 MB prostora (za vsebino odgovarjate sami!), ki ga po potrebi lahko pove\u010damo. Na stre\u017enik je mogo\u010de shranjevati datoteke, ali postaviti svojo spletno stran oziroma portal, med drugim lahko namestite tudi Joomla!, WordPress, Moodle ipd &#8230;<\/p>\n<p>V spodaj opisani navodilih smo uporabili kot primer osebo Janez Novak.<\/p>\n<h3>FTP<\/h3>\n<p>FTP stre\u017enik dostop omogo\u010da shranjevanje datotek, vsak \u0161tudent ima na voljo 250 MB prostora.<\/p>\n<p>Za vzpostavitev z FTP stre\u017enikom, potrebujete FTP odjemaca, v na\u0161em primeru smo uporabili prostodostopnega FileZilla (slika 1).<\/p>\n<p>Prijavni podatki:<\/p>\n<ul>\n<li>Gostitelj (Host): ftp:\/\/student.fnm.uni-mb.si<\/li>\n<li>Uporabni\u0161ko ime (Username): jnovak<\/li>\n<li>Geslo: enako-kot-za-moodle<\/li>\n<\/ul>\n<p>Va\u0161e uporabni\u0161ko ime je ponavadi sestavljeno iz prve \u010drke imena, kateri sledi priimek (vse brez \u0161umnikov). V kolikor niste prepri\u010dani, najdete va\u0161o uporabni\u0161ko ime v Moodle (estudij.fnm.uni-mb.si) ob pregledu lastnega profila (slika 2).<\/p>\n<p>Geslo za FTP dostop je sinhronizirano z geslom za Moodle.<\/p>\n<h3>HTTP<\/h3>\n<p>HTTP stre\u017enik omogo\u010da postavitev lastne spletne strani\/aplikacije\/portala, npr. Joomla!, WordPress, Moodle &#8230;<\/p>\n<p>Spletni stre\u017enik privzeto prika\u017ee datoteki index.php ali index.html znotraj mape public_html (slika 1). Zato je potrebno najprej tvorit mapo public_html, ter nato vanjo skopirat \u017eeljeno spletno vsebino.<\/p>\n<p>Spletna stran je nato vidna na naslovu: http:\/\/student.fnm.uni-mb.si\/~jnovak (kjer jnovak zamenjate s svojim FTP uporabni\u0161kim imenom)<\/p>\n<h3>MySQL<\/h3>\n<p>MySQL stre\u017enik omogo\u010da delo z relacijsko podatkovno bazo in je potreben za nekatere CMS sisteme, npr. Joomla!, WordPress, Moodle &#8230; Vsak ima na voljo podatkovno bazo MySQL, neposreden dostop je mogo\u010d le preko \u0161tudentskega stre\u017enika (localhost) in ne oddaljeno. Brez te\u017eav jo lahko uporabite pri namestitvi CMS sistemov, ali lastne php aplikacije.<\/p>\n<p>Prijavni podatki:<\/p>\n<ul>\n<li>Gostitelj (Host): localhost<\/li>\n<li>Uporabni\u0161ko ime (Username): vpisna-stevilka<\/li>\n<li>Geslo: poglej-na-moodle<\/li>\n<li>Ime podatkovne baze: vpisna-stevilka<\/li>\n<\/ul>\n<p>Uporabni\u0161ko ime je va\u0161a vpisna \u0161tevilka, torej enako, kot prijavno ime za Moodle.<br \/>\nGeslo za podatkovno bazo MySQL najdete v Moodle (estudij.fnm.uni-mb.si) ob pregledu lastnega profila (slika 2).<\/p>\n<p>&nbsp;<\/p>\n<p><img loading=\"lazy\" decoding=\"async\" class=\" size-full wp-image-1182\" style=\"height: 291px; width: 350px;\" src=\"http:\/\/www.fnm.um.si\/wp-content\/uploads\/2011\/01\/ftp.jpg\" alt=\"alt\" width=\"900\" height=\"747\" srcset=\"https:\/\/www.fnm.um.si\/wp-content\/uploads\/2011\/01\/ftp.jpg 900w, https:\/\/www.fnm.um.si\/wp-content\/uploads\/2011\/01\/ftp-300x249.jpg 300w, https:\/\/www.fnm.um.si\/wp-content\/uploads\/2011\/01\/ftp-768x637.jpg 768w\" sizes=\"(max-width: 900px) 100vw, 900px\" \/>\u00a0\u00a0\u00a0\u00a0\u00a0\u00a0\u00a0\u00a0\u00a0 \u00a0\u00a0 \u00a0\u00a0\u00a0\u00a0\u00a0\u00a0\u00a0 <img loading=\"lazy\" decoding=\"async\" class=\" size-full wp-image-1183\" style=\"height: 291px; width: 350px;\" src=\"http:\/\/www.fnm.um.si\/wp-content\/uploads\/2011\/01\/moodle-profil.jpg\" alt=\"alt\" width=\"1210\" height=\"1005\" srcset=\"https:\/\/www.fnm.um.si\/wp-content\/uploads\/2011\/01\/moodle-profil.jpg 1210w, https:\/\/www.fnm.um.si\/wp-content\/uploads\/2011\/01\/moodle-profil-300x249.jpg 300w, https:\/\/www.fnm.um.si\/wp-content\/uploads\/2011\/01\/moodle-profil-768x638.jpg 768w, https:\/\/www.fnm.um.si\/wp-content\/uploads\/2011\/01\/moodle-profil-1024x851.jpg 1024w\" sizes=\"(max-width: 1210px) 100vw, 1210px\" \/><\/p>\n<p>Slika 1: Povezava na FTP stre\u017enik.\u00a0\u00a0\u00a0\u00a0\u00a0\u00a0\u00a0\u00a0\u00a0\u00a0\u00a0\u00a0\u00a0\u00a0\u00a0\u00a0\u00a0\u00a0\u00a0\u00a0\u00a0\u00a0\u00a0\u00a0\u00a0\u00a0\u00a0\u00a0\u00a0\u00a0\u00a0\u00a0\u00a0\u00a0\u00a0\u00a0\u00a0\u00a0\u00a0\u00a0\u00a0\u00a0\u00a0\u00a0\u00a0\u00a0\u00a0 \u00a0\u00a0\u00a0\u00a0\u00a0\u00a0\u00a0\u00a0\u00a0 Slika 2: Dostopni podatki v Moodle profilu.<\/p>\n","protected":false},"excerpt":{"rendered":"<p>\u0160tudentski stre\u017enik \u0160tudenti Fakultete za naravoslovje in matematiko imate mo\u017enost uporabe \u0161tudentskega stre\u017enika (LAMP &#8211; Linux, Apache, MySQL, PHP), kjer je na voljo: FTP, HTTP (Apache 2.2.3) PHP (PHP 5.3.3) in MySQL (MySQL 5.0.77). Vsakemu \u0161tudentu je dodeljenega 250 MB prostora (za vsebino odgovarjate sami!), ki ga po potrebi lahko pove\u010damo. Na stre\u017enik je mogo\u010de [&hellip;]<\/p>\n","protected":false},"author":1,"featured_media":1181,"parent":366,"menu_order":270,"comment_status":"closed","ping_status":"closed","template":"","meta":{"_et_pb_use_builder":"","_et_pb_old_content":"","_et_gb_content_width":"","footnotes":""},"class_list":["post-1184","page","type-page","status-publish","has-post-thumbnail","hentry"],"publishpress_future_workflow_manual_trigger":{"enabledWorkflows":[]},"_links":{"self":[{"href":"https:\/\/www.fnm.um.si\/index.php\/wp-json\/wp\/v2\/pages\/1184","targetHints":{"allow":["GET"]}}],"collection":[{"href":"https:\/\/www.fnm.um.si\/index.php\/wp-json\/wp\/v2\/pages"}],"about":[{"href":"https:\/\/www.fnm.um.si\/index.php\/wp-json\/wp\/v2\/types\/page"}],"author":[{"embeddable":true,"href":"https:\/\/www.fnm.um.si\/index.php\/wp-json\/wp\/v2\/users\/1"}],"replies":[{"embeddable":true,"href":"https:\/\/www.fnm.um.si\/index.php\/wp-json\/wp\/v2\/comments?post=1184"}],"version-history":[{"count":1,"href":"https:\/\/www.fnm.um.si\/index.php\/wp-json\/wp\/v2\/pages\/1184\/revisions"}],"predecessor-version":[{"id":8068,"href":"https:\/\/www.fnm.um.si\/index.php\/wp-json\/wp\/v2\/pages\/1184\/revisions\/8068"}],"up":[{"embeddable":true,"href":"https:\/\/www.fnm.um.si\/index.php\/wp-json\/wp\/v2\/pages\/366"}],"wp:featuredmedia":[{"embeddable":true,"href":"https:\/\/www.fnm.um.si\/index.php\/wp-json\/wp\/v2\/media\/1181"}],"wp:attachment":[{"href":"https:\/\/www.fnm.um.si\/index.php\/wp-json\/wp\/v2\/media?parent=1184"}],"curies":[{"name":"wp","href":"https:\/\/api.w.org\/{rel}","templated":true}]}}